e t(-1). Let k = 72 - z. What are the prime factors of k?
3, 13
Suppose 5*m = -11 + 86. Let s(h) = -3*h - 3*h**2 - 12*h**3 - m*h**3 + 29*h**3 - 1. What are the prime factors of s(3)?
17
Let l be 27/(-3)*(-4)/(-6). Let s be (-16)/l + (-6)/(-18). What are the prime factors of (22/s)/((-4)/(-6))?
11
Let v(o) = -5*o**3 + 12*o**2 - 9*o - 6. List the prime factors of v(-5).
2, 241
List the prime factors of (-24)/(-7 - 442/(-64)).
2
Suppose 0 = 4*p - 4*b - 556, 8*b - 5*b + 273 = 2*p. Let r = 99 - p. Let c = -32 - r. What are the prime factors of c?
13
Let l(a) = -22*a - 67. Suppose 4*y - 60 = 14*y. What are the prime factors of l(y)?
5, 13
Let r(l) = 9*l + 20. Let h be r(-2). List the prime factors of 1/h*-10 - -207.
2, 101
Let z(m) = -4 + 14*m**2 - 5 + 18*m + m**3 + 24. What are the prime factors of z(-9)?
2, 3, 43
Suppose -2*o - 282 - 2324 = -3*q, 12 = -3*o. What are the prime factors of q?
2, 433
Suppose 43*m - 45*m + 478 = 0. List the prime factors of m.
239
Suppose 0 = -6*w + 2*w - 8, 4*g - 36 = -2*w. Let a be 3/6*1*g. Suppose b - y = -3*b + 15, a*b - 25 = -5*y. What are the prime factors of b?
2
Let p(a) = -95*a**3 + 2*a + 1. Suppose -3*x + 2*k - 11 = 4*k, 5 = 3*x - 2*k. What are the prime factors of p(x)?
2, 47
Suppose -3*u = 0, -3*p - u = p - 12. Let d be (p/2 + -1)*6. Suppose -2*v + 4*h - 22 = -d*v, -4*v + 4 = -5*h. What are the prime factors of v?
2, 3
Suppose 5*z + 726 = 3*k - 2*k, 4*k - 2950 = -3*z. List the prime factors of k.
2, 23
Let x(w) = -8*w + 102 - 42 - w - 48 + 2*w**2. What are the prime factors of x(5)?
17
Suppose -5*m + 45 = 5*s, m - 4*s = 2 - 18. Suppose -r + m*r = 0. Let c(q) = -q + 14. What are the prime factors of c(r)?
2, 7
Let j be 9 + -7 + 7*1. Let n(i) = -i + 31. List the prime factors of n(j).
2, 11
Let m = 276 - 166. Let t = m + 29. List the prime factors of t.
139
Let a(t) be the second derivative of 13*t**2 + 1/6*t**3 + 0 - 2*t. List the prime factors of a(-12).
2, 7
Suppose -402 + 693 = b. List the prime factors of b.
3, 97
Let k(o) be the first derivative of -3*o**2/2 - 4*o - 2. Let j be 12/6*(-2 + 0). List the prime factors of k(j).
2
Suppose -3*k = -3*x + 17 + 1, k = 5*x - 22. Suppose -2*u = u + x*t - 156, 2*u - t - 104 = 0. What are the prime factors of u?
2, 13
Let s = 24 - 26. Let f(w) = -45*w - 15. List the prime factors of f(s).
3, 5
Suppose -k = -5*x - 75, 5*x + 33 = 3*x + k. Let z be 52/91 - 2386/x. Let h = -119 + z. List the prime factors of h.
2, 13
Suppose -5*l - 3*n + 2145 = -1624, -737 = -l + 5*n. What are the prime factors of l?
2, 47
Suppose 0 = -5*a - r + 11 + 4, 0 = -5*a + 3*r + 35. Suppose -34 = a*o + 2. What are the prime factors of 96/9 + 6/o?
2, 5
Suppose -3*z - 3 + 15 = u, 34 = 4*u + 5*z. Let y(x) = x**2 - 5*x. What are the prime factors of y(u)?
2, 3
Let r(g) = -22*g + 17. Let t be r(5). Let i = 66 - t. What are the prime factors of i?
3, 53
Let r = 15 + -7. Let w = r - 1. List the prime factors of (w/2)/((-2)/(-8)).
2, 7
Let a be (3 + 12)*(1 + 6/(-9)). Let m(r) be the third derivative of r**6/120 - r**5/20 - 5*r**4/24 - r**3/6 - r**2. What are the prime factors of m(a)?
2, 3
Let x = 2672 - 758. What are the prime factors of x?
2, 3, 11, 29
Suppose 46*g = 48*g - 1206. List the prime factors of g.
3, 67
Let g(l) = l**2 + 10*l + 394. What are the prime factors of g(0)?
2, 197
Let j(y) = -6*y - 31. Let r be j(-6). What are the prime factors of 4 + (0 - (-60)/r)?
2
Suppose -5*k = 3 + 12, 3*k = -2*z + 7. Suppose 3*o - p - 67 = 0, 0 = -4*p - 0 + z. What are the prime factors of o?
23
Let w(x) = 7*x - 135. What are the prime factors of w(27)?
2, 3
Let v be ((-164)/8)/(3/6). Let x = v + 20. Let d = -14 - x. What are the prime factors of d?
7
Let r(x) = -15*x**2 - 11*x + 3*x**2 - x**3 + 3*x**3 + 3 - 3*x**3. Let i be r(-11). Suppose i = -0*d + d. List the prime factors of d.
3
Suppose -5117 = 5*c + 2003. Let u = 486 + c. What are the prime factors of (u/(-21))/((-4)/(-6))?
67
Let b = -903 + 984. List the prime factors of b.
3
List the prime factors of -64*1998/24*-1.
2, 3, 37
Suppose -5*c - 15 = -q, c + q - 2*q + 7 = 0. Let j be 4 + (-1 + c - -7). What are the prime factors of 74 - -8*(-4)/j?
2, 5, 7
Let j = 19 + 406. Let f = j - 295. What are the prime factors of f?
2, 5, 13
Let g be 8/(-12) - 21/9. Let c(o) = -4*o - 7. Let p be c(g). Let s(t) = 4*t. What are the prime factors of s(p)?
2, 5
Suppose 7 = 4*s - 9. Let y be s/2*5/5. Let l(i) = 18*i - 4. List the prime factors of l(y).
2
Suppose -i + 2 + 0 = -f, -i = 2*f + 19. Let n = f + 10. Suppose n*u - 14 = u. What are the prime factors of u?
7
Let d be 9*((-8)/6 + 2). Let s(c) be the second derivative of c**5/20 - 7*c**4/12 + 3*c**3/2 - 3*c**2 - 2*c. List the prime factors of s(d).
2, 3
Let g be (11 - 3)*(3 + -31). Let j = 397 + g. List the prime factors of j.
173
Let t(j) = -2*j + 2740. List the prime factors of t(0).
2, 5, 137
Let x be (-2 + (-13)/(-2))*6. Suppose 0 = -3*z - 5*k + x, 3*z - 3*k = 2 + 1. Suppose z*m + 11 - 39 = 0. List the prime factors of m.
7
Let p(l) = -15*l + 6. Let h = 5 - 0. Let v(i) = 14*i - 5. Let g(n) = h*v(n) + 4*p(n). What are the prime factors of g(2)?
19
Let s be 98/(-10) + 6/(-30). Let d be (15 + -1)*(-35)/s. List the prime factors of 2/(-7) + 651/d.
13
Let s = 1424 - 573. List the prime factors of s.
23, 37
Let k be ((-18)/4)/(14/(-28)). Let i(a) = a**3 - 12*a**2 + 10*a - 10. Let z be i(11). What are the prime factors of k/z + 458/7?
5, 13
Let g = -66 - -55. Let x(b) = b**2 + 9 - 4 + 3*b + 7*b. List the prime factors of x(g).
2
Suppose 2*o - 58 = 210. What are the prime factors of o?
2, 67
Let a = 10 + -8. Suppose 4*r - 56 - 18 = 5*b, -a*b = -5*r + 101. What are the prime factors of r?
3, 7
Let a(m) = -37*m**3 - 2*m**2 + 4*m - 15. List the prime factors of a(-5).
2, 5, 227
Let g = -668 + 311. List the prime factors of g/(-27) - 4/18.
13
Suppose 4*c - 4*r + 680 = 0, c - 5*r + 170 = -6*r. Let z = c + 254. What are the prime factors of z?
2, 3, 7
Let s = 92 + -34. Suppose 62 + s = -5*x. Let n = 48 + x. List the prime factors of n.
2, 3
Suppose -2*h - 10 = 12. Let g(z) = 6*z + 2. Let l be g(-6). Let w = h - l. List the prime factors of w.
23
Let y = -2117 - -2972. What are the prime factors of y?
3, 5, 19
What are the prime factors of ((-15)/120*4)/(1/(-3432))?
2, 3, 11, 13
Suppose -2*x - 10 = 0, 2*x + 57 + 83 = 2*h. List the prime factors of h.
5, 13
Let c = 102 - 103. Let p(g) = 17*g**2. Let m be p(-1). List the prime factors of m + (-1 + 1)/c.
17
Suppose 1313 = 12*c - 5407. List the prime factors of c.
2, 5, 7
List the prime factors of 6 + 430/(-70) + 176/7.
5
Let k = 118 - 96. What are the prime factors of k?
2, 11
Let g = -1968 + 3911. What are the prime factors of g?
29, 67
Suppose -6*o + 4*o = -4. Suppose -o*p + 0*p + 78 = 0. Suppose p = j - q, -3*j + 2*q + 1 = -112. What are the prime factors of j?
5, 7
Suppose -2*c = 47*c - 167433. List the prime factors of c.
3, 17, 67
Let s = 28 + -49. Suppose 5*j + 336 = 161. Let o = s - j. What are the prime factors of o?
2, 7
Suppose -31 = -3*m + 5*a, 1 = m - 5*a - 26. Suppose -46 = -2*c - 4*j, 0 = m*j - 1 + 5. List the prime factors of c.
3
Let l(y) = 6 - 11*y - 3 - 1 + 2*y**2 - 4. What are the prime factors of l(8)?
2, 19
List the prime factors of (0 - 302/(-3))/((-44)/(-462)).
7, 151
Let z = -784 - -560. Let d = -95 - z. List the prime factors of d.
3, 43
Suppose 13*u - 9*u = -236. Let t = 130 + u. What are the prime factors of t?
71
Let n be 22 + 43 - 1*-1*1. Suppose -5*v + 6*v = n. List the prime factors of v.
2, 3, 11
Let o be 4/8 + (-2)/(-4). What are the prime factors of (-66 + (-2)/o)/(-2)?
2, 17
Suppose 0 = -2*n - 3*b - 35, 0*n + n + 3*b + 13 = 0. What are the prime factors of (-4)/n + 4208/88?
2, 3
Let k = 504 + -459. What are the prime factors of k?
3, 5
What are the prime factors of (8/(-6))/((-12)/4599)?
7, 73
Suppose 4*n - 1753 = 327. What are the prime factors of n?
2, 5, 13
Let a = -3 + 0. Let t = 6 + a. Suppose 6*n - t*n + 5*h = 0, 0 = 3*n + 2*h - 9. What are the prime factors of n?
5
Let s(u) = -16*u**2 + 5*u - 4. Let y be s(2). Let w = y - -126. Let g = w - 29. List the prime factors of g.
3, 13
Suppose i + 4 + 2 = 2*o, 2*o = 5*i + 6. Suppose -2*r + 3*a + 543 = i, 5*r + 0*a + a = 1332. List the prime factors of r.
3, 89
Let s = 139 + -141. List the 